ctor of q and c.
3
Let t be (30 - 1) + -4 + 4. Let v(z) = 66*z**2 - 68*z + 289. Let h be v(4). Calculate the highest common factor of t and h.
29
Suppose -10*x + 6*x = 20, 57 = t + 3*x. Suppose 4*j = 13*j - t. What is the greatest common divisor of j and 120?
8
Let d be (1 + -2 - -3) + 50. Let m = 37 - d. Let x = 38 + m. Calculate the highest common factor of x and 23.
23
Let j(i) = 114*i**2 + 385*i + 385. Let r be j(-1). Calculate the highest common divisor of r and 494.
38
Suppose -17*m + 1687 - 497 = 0. What is the greatest common factor of m and 644?
14
Let d be 33/6 + 3/(-6). Suppose 3*m = 4*u + d + 11, 5*m = u + 38. Suppose -m*g = 52 - 276. What is the highest common factor of g and 308?
28
Let c(x) = 3*x**3 - 2*x**2 - 2*x + 4. Let a be c(2). Let n = a + -15. Let s be (64 - -6) + (n - 1 - 0). Calculate the highest common divisor of s and 10.
10
Let p(d) = 10*d**3 - 2*d**2 - d. Let k be p(-1). Let g = k + 18. Let r(f) = f**2 - 53*f + 241. Let o be r(5). Calculate the highest common factor of o and g.
1
Let u = 15 + -2. Let s = -2147 - -2186. What is the highest common factor of u and s?
13
Suppose 6*p - 694 = 2330. Suppose 6*h = -h + p. Let z(a) = 7*a**2 - 2*a - 5. Let v be z(-5). What is the highest common factor of h and v?
36
Suppose 0 = 1369*z - 1428*z + 5310. Calculate the greatest common divisor of 450 and z.
90
Suppose -5*c - 4*u - 39 = 0, 0*u - u = 1. Suppose -26*m + 3 - 341 = 0. Let h = c - m. What is the highest common divisor of h and 48?
6
Let k = -327 + 371. Let l = 4 - 0. Let g be (7/(-2) + l)*k. What is the highest common divisor of 2 and g?
2
Let b be 8 + 2 + (-13230)/(-147). What is the highest common divisor of b and 3050?
50
Let r(t) = 17*t - 2. Let z be r(4). Suppose -5336 = 162*l - 32066. Calculate the greatest common divisor of z and l.
33
Let w = -113 - -119. Suppose 0 = 2*n - 10, 2*q - w = -n + 75. What is the highest common divisor of 418 and q?
38
Suppose 5*b + 3*u + 372 - 1420 = 0, 4*b = 5*u + 831. Suppose 0 = -0*o - o + 11. Calculate the greatest common factor of b and o.
11
Suppose 32 = -2*z + 72. Let m = -11 + z. Suppose 57 = 4*b + 3*s, -4*b + 59 = 4*s - 3*s. What is the greatest common factor of m and b?
3
Let u = 2576 + 6955. What is the greatest common factor of 706 and u?
353
Let n(p) = p + 87 - 43 - 6*p + 2*p**2. Let f be n(16). What is the greatest common factor of f and 34?
34
Suppose 3*p - 2*i = 66, 2 - 11 = -3*i. Suppose -6*m - 108 = -2*m. Let o = m + 63. Calculate the greatest common divisor of p and o.
12
Let r = 118 + -114. Suppose 0*f + 5*f - 4*n - 1305 = 0, -4*f = r*n - 1044. Let y be 9 + -8 + (0 - -28). What is the greatest common factor of f and y?
29
Suppose -129*f - 32*f + 2576 = 0. What is the highest common factor of f and 1144?
8
Let n = 708 + -1212. Let d = n + 603. What is the greatest common divisor of 55 and d?
11
Let c = -1458 - -2562. Let x = 3768 + -3756. Calculate the greatest common factor of c and x.
12
Suppose -2*b = 4*i - 246, 25*i = 20*i - 4*b + 306. What is the highest common factor of 11098 and i?
62
Let n be (-84)/6 + 3/(3/(-2)). Let p = n - -7. Let r = p + 24. Calculate the greatest common factor of 3 and r.
3
Let m(q) = -192*q - 60. Let w be m(-11). Suppose 8*b = -b + w. What is the greatest common factor of b and 12?
12
Let w(g) = 7*g**2 - 88*g + 750. Let f be w(10). What is the greatest common factor of f and 3?
3
Let k = 710 - 410. Suppose -s = -2 - 10. What is the greatest common factor of k and s?
12
Let q(g) = 6*g**2 - 65*g - 1342. Let m be q(-29). Calculate the highest common factor of m and 81.
81
Let n(a) = 4*a**2 - 10*a + 1. Let k be n(4). Let z = -4 + 7. Suppose -y - 450 = -z*y. Calculate the highest common factor of y and k.
25
Suppose -10*q + 25765 + 17659 - 14014 = 0. Calculate the greatest common factor of 173 and q.
173
Suppose -97*o + 109*o + 10836 = 0. Let a = -855 - o. Suppose 4 - 22 = -3*q. Calculate the highest common divisor of a and q.
6
Let d = 6 - -8. Let v be (-12)/126*3 + 648/d. What is the greatest common factor of v and 230?
46
Let n = -2873 + 3114. Calculate the greatest common factor of 6025 and n.
241
Let m be ((0/33)/5 + (-158)/(-4))*1176. What is the highest common factor of m and 84?
84
Let g be 102/119*(-4823)/(-39). Calculate the greatest common divisor of g and 14257.
53
Suppose 0 = -19*d + 52*d - 20493. What is the highest common divisor of 1725 and d?
69
Suppose 4*s = -k + 421, 113*k = 2*s + 109*k - 188. Calculate the highest common divisor of 92 and s.
4
Suppose 49*f + 13246 = 52*f - 4*c, -4*c - 16 = 0. Calculate the highest common factor of 140 and f.
70
Suppose -3*i = x - 5 - 15, -5*x = 2*i + 4. What is the highest common factor of i and 548?
4
Let s(t) = -59 + 91*t + 11*t - 30*t. Let p be s(2). Let i = -7 - -24. What is the greatest common divisor of p and i?
17
Let l be 4 + 5 + (-563)/(-1). What is the greatest common factor of l and 2?
2
Let h = 92 + 38. Let g = 132 - h. Calculate the greatest common divisor of 1 and g.
1
Let k = 6478 + -6469. Calculate the highest common divisor of 3573 and k.
9
Suppose -3*u + 535 = -59. Let j = -153 + u. Calculate the greatest common divisor of j and 45.
45
Let j be 0 + 2 + -2 + 42. Suppose y + 19 = -4*l - 40, -4*l + 58 = -2*y. Let c = -11 - y. What is the highest common factor of j and c?
14
Let q be ((-2)/(-14))/((-227)/(-84217)). What is the highest common factor of 36 and q?
1
Suppose 0 = -3*h + 4*r - r - 15, 4*h + 5*r = -29. Let z be ((-4 - h) + -9)/(-1). Let c be ((-56)/12)/z*-30. Calculate the greatest common factor of 2 and c.
2
Suppose -4*l - 4449 = 7*s - 12*s, -s - l + 897 = 0. Let q = -706 + s. What is the greatest common factor of q and 22?
11
Let g be (-33)/(-15)*20/4. Let r = -83 + g. Let k = r + 89. Calculate the greatest common factor of 153 and k.
17
Suppose 4013*n - 918 = 3962*n. What is the highest common divisor of n and 5382?
18
Let y(x) = -2*x**2 + 19*x + 30. Let t(k) = k**2 + 6*k + 13. Let m be t(-5). Let n be y(m). Calculate the highest common factor of n and 2.
2
Let s = -357320 - -357540. Suppose -355 = -4*y - u, 3*y + 0*u - u - 261 = 0. What is the greatest common factor of s and y?
44
Let g be (-33 - -13) + (66 - -6). Calculate the greatest common factor of g and 299.
13
Let m = -63 + 611. Calculate the greatest common factor of 5891 and m.
137
Let z = -3115 - -3275. Suppose 14*m = 23*m - 90. Calculate the greatest common factor of m and z.
10
Suppose 2*i + 10 = 0, -35846 + 13803 = -4*u - 5*i. What is the highest common divisor of u and 9?
9
Suppose 13*z - 17996 = 5274. Let h be z/30 - 2/(-6). What is the greatest common factor of 50 and h?
10
Let q = 192 + -101. Let j = q - 59. Calculate the highest common divisor of 24 and j.
8
Let u be (-8 - (5 - 5)) + 23. Suppose 18*n = u + 57. Suppose -6*f + 8 = -4*f. Calculate the highest common factor of n and f.
4
Let v be 0/(-9) + 0/2. Suppose -156 + 374 = 4*b - 2*g, v = 4*g + 20. Calculate the greatest common factor of b and 12.
4
Let b = 8564 - 8171. Calculate the highest common factor of 4192 and b.
131
Let t = 77 - -173. Suppose -2*n = -n - 2. Suppose n*j = 3*b + t, j - 4*b - 120 = -0*j. What is the highest common divisor of 16 and j?
16
Let a(y) = -37*y - 107. Let t be a(-5). Let o = 15 - -11. Calculate the highest common factor of o and t.
26
Suppose 208736 = 11*z - 85987. Calculate the highest common divisor of 229 and z.
229
Suppose -656*s = -650*s - 336. Let c be (-6)/33 + 1596/66. Calculate the greatest common factor of c and s.
8
Suppose -3*k + 259 = 2*k - j, -99 = -2*k + 5*j. Suppose 56*t - k*t = 1044. Calculate the greatest common divisor of t and 9.
9
Let q = -182 + 3. Let o = -89 - q. Calculate the greatest common factor of o and 30.
30
Let x = 878 + -621. Suppose -5 = 12*a - x. Calculate the greatest common factor of a and 336.
21
Let d(w) be the third derivative of w**4/24 + 35*w**3/6 - 7*w**2. Let y be d(-20). What is the greatest common factor of 3 and y?
3
Let j be 4/(1 + -1 - -1). Let n(x) = 11*x + 130 - 7*x**2 - 162 - 2*x + 3*x + 2*x**3. Let p be n(4). What is the greatest common divisor of j and p?
4
Let p(v) = 270*v**3 + v**2 + 72*v - 201. Let d be p(3). What is the greatest common factor of 212 and d?
106
Let g = 75463 - 75343. Let z(w) = 23*w**2 + 5*w - 4. Let p be z(4). What is the highest